{"id":19,"date":"2022-12-12T07:33:40","date_gmt":"2022-12-12T07:33:40","guid":{"rendered":"https:\/\/jeannin-menuiserie-doubs.fr\/?page_id=19"},"modified":"2026-01-31T16:07:39","modified_gmt":"2026-01-31T16:07:39","slug":"charpente","status":"publish","type":"page","link":"https:\/\/jeannin-menuiserie-doubs.fr\/?page_id=19","title":{"rendered":"Charpente"},"content":{"rendered":"<p>[et_pb_section fb_built=\u00a0\u00bb1&Prime; custom_padding_last_edited=\u00a0\u00bbon|phone\u00a0\u00bb admin_label=\u00a0\u00bbHeader\u00a0\u00bb _builder_version=\u00a0\u00bb4.19.2&Prime; use_background_color_gradient=\u00a0\u00bbon\u00a0\u00bb background_color_gradient_stops=\u00a0\u00bbrgba(0,0,0,0.5) 0%|rgba(0,0,0,0.5) 100%\u00a0\u00bb background_color_gradient_overlays_image=\u00a0\u00bbon\u00a0\u00bb background_color_gradient_start=\u00a0\u00bbrgba(0,0,0,0.5)\u00a0\u00bb background_color_gradient_end=\u00a0\u00bbrgba(0,0,0,0.5)\u00a0\u00bb background_image=\u00a0\u00bbhttps:\/\/jeannin-menuiserie-doubs.fr\/wp-content\/uploads\/2022\/12\/person-taking-measures-on-wood-scaled.jpg\u00a0\u00bb custom_padding=\u00a0\u00bb||220px||false|false\u00a0\u00bb custom_padding_tablet=\u00a0\u00bb||220px||false|false\u00a0\u00bb custom_padding_phone=\u00a0\u00bb||200px||false|false\u00a0\u00bb locked=\u00a0\u00bboff\u00a0\u00bb global_colors_info=\u00a0\u00bb{}\u00a0\u00bb][et_pb_row _builder_version=\u00a0\u00bb4.16&Prime; global_colors_info=\u00a0\u00bb{}\u00a0\u00bb][et_pb_column type=\u00a0\u00bb4_4&Prime; _builder_version=\u00a0\u00bb4.16&Prime; global_colors_info=\u00a0\u00bb{}\u00a0\u00bb][et_pb_text _builder_version=\u00a0\u00bb4.19.2&Prime; header_font=\u00a0\u00bbKanit|500|||||||\u00a0\u00bb header_font_size=\u00a0\u00bb4vw\u00a0\u00bb header_line_height=\u00a0\u00bb1.1em\u00a0\u00bb text_orientation=\u00a0\u00bbcenter\u00a0\u00bb background_layout=\u00a0\u00bbdark\u00a0\u00bb max_width=\u00a0\u00bb795px\u00a0\u00bb module_alignment=\u00a0\u00bbcenter\u00a0\u00bb header_font_size_tablet=\u00a0\u00bb42px\u00a0\u00bb header_font_size_phone=\u00a0\u00bb36px\u00a0\u00bb header_font_size_last_edited=\u00a0\u00bbon|desktop\u00a0\u00bb global_colors_info=\u00a0\u00bb{}\u00a0\u00bb]<\/p>\n<h1>CHARPENTE<\/h1>\n<p>[\/et_pb_text][\/et_pb_column][\/et_pb_row][\/et_pb_section][et_pb_section fb_built=\u00a0\u00bb1&Prime; admin_label=\u00a0\u00bbAbout\u00a0\u00bb _builder_version=\u00a0\u00bb4.16&Prime; custom_padding=\u00a0\u00bb||0px||false|false\u00a0\u00bb locked=\u00a0\u00bboff\u00a0\u00bb global_colors_info=\u00a0\u00bb{}\u00a0\u00bb][et_pb_row column_structure=\u00a0\u00bb1_2,1_2&Prime; make_equal=\u00a0\u00bbon\u00a0\u00bb custom_padding_last_edited=\u00a0\u00bbon|phone\u00a0\u00bb _builder_version=\u00a0\u00bb4.19.2&Prime; background_color=\u00a0\u00bb#d2a87d\u00a0\u00bb custom_margin=\u00a0\u00bb-220px||||false|false\u00a0\u00bb custom_padding=\u00a0\u00bb40px|40px|40px|40px|true|true\u00a0\u00bb custom_padding_tablet=\u00a0\u00bb30px|30px|30px|30px|true|true\u00a0\u00bb custom_padding_phone=\u00a0\u00bb20px|20px|20px|20px|true|true\u00a0\u00bb box_shadow_style=\u00a0\u00bbpreset3&Prime; global_colors_info=\u00a0\u00bb{}\u00a0\u00bb][et_pb_column type=\u00a0\u00bb1_2&Prime; _builder_version=\u00a0\u00bb4.19.2&Prime; custom_padding_tablet=\u00a0\u00bb50px|50px|50px|50px|true|false\u00a0\u00bb custom_padding_phone=\u00a0\u00bb30px|30px|30px|30px|true|false\u00a0\u00bb custom_padding_last_edited=\u00a0\u00bboff|desktop\u00a0\u00bb custom_css_main_element=\u00a0\u00bbmargin:auto;\u00a0\u00bb global_colors_info=\u00a0\u00bb{}\u00a0\u00bb][et_pb_text _builder_version=\u00a0\u00bb4.19.2&Prime; text_font_size=\u00a0\u00bb16px\u00a0\u00bb text_line_height=\u00a0\u00bb1.8em\u00a0\u00bb text_font_size_tablet=\u00a0\u00bb15px\u00a0\u00bb text_font_size_phone=\u00a0\u00bb14px\u00a0\u00bb text_font_size_last_edited=\u00a0\u00bbon|phone\u00a0\u00bb global_colors_info=\u00a0\u00bb{}\u00a0\u00bb]<\/p>\n<p><span style=\"color: #ffffff;\">La SAS JEANNIN Patrice propose des services de qualit\u00e9 dans la fabrication et la pose de menuiserie en bois, menuiserie PVC, menuiserie Alu, d&rsquo;escaliers sur mesure et de charpentes traditionnelles bois.<\/span><br \/><span style=\"color: #ffffff;\">Pour tous vos travaux de couverture tuiles, couverture ardoises et de zinguerie (fa\u00eetage, en construction ou en r\u00e9novation), nous sommes \u00e0 votre disposition.<\/span><\/p>\n<p>[\/et_pb_text][\/et_pb_column][et_pb_column type=\u00a0\u00bb1_2&Prime; _builder_version=\u00a0\u00bb4.16&Prime; global_colors_info=\u00a0\u00bb{}\u00a0\u00bb][et_pb_image src=\u00a0\u00bbhttps:\/\/jeannin-menuiserie-doubs.fr\/wp-content\/uploads\/2022\/12\/WP_20160707_0011-1-scaled.jpg\u00a0\u00bb title_text=\u00a0\u00bbWP_20160707_001%911%93&Prime; _builder_version=\u00a0\u00bb4.19.2&Prime; _module_preset=\u00a0\u00bbdefault\u00a0\u00bb global_colors_info=\u00a0\u00bb{}\u00a0\u00bb][\/et_pb_image][et_pb_image src=\u00a0\u00bbhttps:\/\/jeannin-menuiserie-doubs.fr\/wp-content\/uploads\/2022\/12\/renovation-23.png\u00a0\u00bb title_text=\u00a0\u00bbrenovation-23&Prime; _builder_version=\u00a0\u00bb4.16&Prime; positioning=\u00a0\u00bbabsolute\u00a0\u00bb position_origin_a=\u00a0\u00bbbottom_left\u00a0\u00bb vertical_offset=\u00a0\u00bb0px\u00a0\u00bb horizontal_offset=\u00a0\u00bb-30px\u00a0\u00bb z_index=\u00a0\u00bb0&Prime; width=\u00a0\u00bb100%\u00a0\u00bb global_colors_info=\u00a0\u00bb{}\u00a0\u00bb][\/et_pb_image][\/et_pb_column][\/et_pb_row][\/et_pb_section][et_pb_section fb_built=\u00a0\u00bb1&Prime; admin_label=\u00a0\u00bbServices\u00a0\u00bb _builder_version=\u00a0\u00bb4.19.2&Prime; background_enable_color=\u00a0\u00bboff\u00a0\u00bb global_colors_info=\u00a0\u00bb{}\u00a0\u00bb][et_pb_row use_custom_gutter=\u00a0\u00bbon\u00a0\u00bb gutter_width=\u00a0\u00bb2&Prime; _builder_version=\u00a0\u00bb4.19.2&Prime; global_colors_info=\u00a0\u00bb{}\u00a0\u00bb][et_pb_column type=\u00a0\u00bb4_4&Prime; _builder_version=\u00a0\u00bb4.16&Prime; custom_padding=\u00a0\u00bb30px|30px|30px|30px|true|true\u00a0\u00bb custom_padding_tablet=\u00a0\u00bb20px|20px|20px|20px|true|true\u00a0\u00bb custom_padding_phone=\u00a0\u00bb\u00a0\u00bb custom_padding_last_edited=\u00a0\u00bbon|desktop\u00a0\u00bb border_width_all=\u00a0\u00bb1px\u00a0\u00bb border_color_all=\u00a0\u00bbrgba(0,0,0,0.12)\u00a0\u00bb global_colors_info=\u00a0\u00bb{}\u00a0\u00bb][et_pb_blurb title=\u00a0\u00bbCharpente\u00a0\u00bb image=\u00a0\u00bbhttps:\/\/jeannin-menuiserie-doubs.fr\/wp-content\/uploads\/2022\/12\/renovation-icon-3.png\u00a0\u00bb icon_alignment=\u00a0\u00bbleft\u00a0\u00bb content_max_width=\u00a0\u00bb100%\u00a0\u00bb _builder_version=\u00a0\u00bb4.19.2&Prime; header_font=\u00a0\u00bbKanit|600|||||||\u00a0\u00bb header_font_size=\u00a0\u00bb20px\u00a0\u00bb header_line_height=\u00a0\u00bb1.3em\u00a0\u00bb body_line_height=\u00a0\u00bb1.8em\u00a0\u00bb background_enable_image=\u00a0\u00bboff\u00a0\u00bb background_size=\u00a0\u00bbinitial\u00a0\u00bb background_position=\u00a0\u00bbtop_left\u00a0\u00bb custom_padding=\u00a0\u00bb10px|10px||10px|false|true\u00a0\u00bb animation=\u00a0\u00bboff\u00a0\u00bb header_font_size_tablet=\u00a0\u00bb18px\u00a0\u00bb header_font_size_phone=\u00a0\u00bb16px\u00a0\u00bb header_font_size_last_edited=\u00a0\u00bbon|phone\u00a0\u00bb locked=\u00a0\u00bboff\u00a0\u00bb global_colors_info=\u00a0\u00bb{}\u00a0\u00bb][\/et_pb_blurb][et_pb_text ul_position=\u00a0\u00bbinside\u00a0\u00bb _builder_version=\u00a0\u00bb4.19.2&Prime; text_font=\u00a0\u00bb|700|||||||\u00a0\u00bb ul_line_height=\u00a0\u00bb2em\u00a0\u00bb global_colors_info=\u00a0\u00bb{}\u00a0\u00bb]<\/p>\n<ul>\n<li>Fabrication charpente bois standard<\/li>\n<li>Fabrication charpente bois sur mesure<\/li>\n<li>Pose de charpente bois neuve<\/li>\n<li>R\u00e9novation charpente bois<\/li>\n<li>Restauration de charpente bois<\/li>\n<\/ul>\n<p>[\/et_pb_text][et_pb_text _builder_version=\u00a0\u00bb4.19.2&Prime; _module_preset=\u00a0\u00bbdefault\u00a0\u00bb global_colors_info=\u00a0\u00bb{}\u00a0\u00bb]<\/p>\n<p><em>Pour les particuliers, professionnels et pour le secteur agricole.<\/em><\/p>\n<p>[\/et_pb_text][\/et_pb_column][\/et_pb_row][\/et_pb_section]<\/p>\n","protected":false},"excerpt":{"rendered":"<p>CHARPENTELa SAS JEANNIN Patrice propose des services de qualit\u00e9 dans la fabrication et la pose de menuiserie en bois, menuiserie PVC, menuiserie Alu, d&rsquo;escaliers sur mesure et de charpentes traditionnelles bois.Pour tous vos travaux de couverture tuiles, couverture ardoises et de zinguerie (fa\u00eetage, en construction ou en r\u00e9novation), nous sommes \u00e0 votre disposition. Fabrication charpente [&hellip;]<\/p>\n","protected":false},"author":1,"featured_media":0,"parent":0,"menu_order":0,"comment_status":"closed","ping_status":"open","template":"","meta":{"_et_pb_use_builder":"on","_et_pb_old_content":"","_et_gb_content_width":"","footnotes":""},"class_list":["post-19","page","type-page","status-publish","hentry"],"_links":{"self":[{"href":"https:\/\/jeannin-menuiserie-doubs.fr\/index.php?rest_route=\/wp\/v2\/pages\/19","targetHints":{"allow":["GET"]}}],"collection":[{"href":"https:\/\/jeannin-menuiserie-doubs.fr\/index.php?rest_route=\/wp\/v2\/pages"}],"about":[{"href":"https:\/\/jeannin-menuiserie-doubs.fr\/index.php?rest_route=\/wp\/v2\/types\/page"}],"author":[{"embeddable":true,"href":"https:\/\/jeannin-menuiserie-doubs.fr\/index.php?rest_route=\/wp\/v2\/users\/1"}],"replies":[{"embeddable":true,"href":"https:\/\/jeannin-menuiserie-doubs.fr\/index.php?rest_route=%2Fwp%2Fv2%2Fcomments&post=19"}],"version-history":[{"count":10,"href":"https:\/\/jeannin-menuiserie-doubs.fr\/index.php?rest_route=\/wp\/v2\/pages\/19\/revisions"}],"predecessor-version":[{"id":36249,"href":"https:\/\/jeannin-menuiserie-doubs.fr\/index.php?rest_route=\/wp\/v2\/pages\/19\/revisions\/36249"}],"wp:attachment":[{"href":"https:\/\/jeannin-menuiserie-doubs.fr\/index.php?rest_route=%2Fwp%2Fv2%2Fmedia&parent=19"}],"curies":[{"name":"wp","href":"https:\/\/api.w.org\/{rel}","templated":true}]}}

<p>[et_pb_section fb_built= »1&Prime; custom_padding_last_edited= »on|phone » admin_label= »Header » _builder_version= »4.19.2&Prime; use_background_color_gradient= »on » background_color_gradient_stops= »rgba(0,0,0,0.5) 0%|rgba(0,0,0,0.5) 100% » background_color_gradient_overlays_image= »on » background_color_gradient_start= »rgba(0,0,0,0.5) » background_color_gradient_end= »rgba(0,0,0,0.5) » background_image= »https://jeannin-menuiserie-doubs.fr/wp-content/uploads/2022/12/person-taking-measures-on-wood-scaled.jpg » custom_padding= »||220px||false|false » custom_padding_tablet= »||220px||false|false » custom_padding_phone= »||200px||false|false » locked= »off » global_colors_info= »{} »][et_pb_row _builder_version= »4.16&Prime; global_colors_info= »{} »][et_pb_column type= »4_4&Prime; _builder_version= »4.16&Prime; global_colors_info= »{} »][et_pb_text _builder_version= »4.19.2&Prime; header_font= »Kanit|500||||||| » header_font_size= »4vw » header_line_height= »1.1em » text_orientation= »center » background_layout= »dark » max_width= »795px » module_alignment= »center » header_font_size_tablet= »42px » header_font_size_phone= »36px » header_font_size_last_edited= »on|desktop » global_colors_info= »{} »]</p>
<h1>CHARPENTE</h1>
<p>[/et_pb_text][/et_pb_column][/et_pb_row][/et_pb_section][et_pb_section fb_built= »1&Prime; admin_label= »About » _builder_version= »4.16&Prime; custom_padding= »||0px||false|false » locked= »off » global_colors_info= »{} »][et_pb_row column_structure= »1_2,1_2&Prime; make_equal= »on » custom_padding_last_edited= »on|phone » _builder_version= »4.19.2&Prime; background_color= »#d2a87d » custom_margin= »-220px||||false|false » custom_padding= »40px|40px|40px|40px|true|true » custom_padding_tablet= »30px|30px|30px|30px|true|true » custom_padding_phone= »20px|20px|20px|20px|true|true » box_shadow_style= »preset3&Prime; global_colors_info= »{} »][et_pb_column type= »1_2&Prime; _builder_version= »4.19.2&Prime; custom_padding_tablet= »50px|50px|50px|50px|true|false » custom_padding_phone= »30px|30px|30px|30px|true|false » custom_padding_last_edited= »off|desktop » custom_css_main_element= »margin:auto; » global_colors_info= »{} »][et_pb_text _builder_version= »4.19.2&Prime; text_font_size= »16px » text_line_height= »1.8em » text_font_size_tablet= »15px » text_font_size_phone= »14px » text_font_size_last_edited= »on|phone » global_colors_info= »{} »]</p>
<p><span style="color: #ffffff;">La SAS JEANNIN Patrice propose des services de qualité dans la fabrication et la pose de menuiserie en bois, menuiserie PVC, menuiserie Alu, d&rsquo;escaliers sur mesure et de charpentes traditionnelles bois.</span><br /><span style="color: #ffffff;">Pour tous vos travaux de couverture tuiles, couverture ardoises et de zinguerie (faîtage, en construction ou en rénovation), nous sommes à votre disposition.</span></p>
<p>[/et_pb_text][/et_pb_column][et_pb_column type= »1_2&Prime; _builder_version= »4.16&Prime; global_colors_info= »{} »][et_pb_image src= »https://jeannin-menuiserie-doubs.fr/wp-content/uploads/2022/12/WP_20160707_0011-1-scaled.jpg » title_text= »WP_20160707_001%911%93&Prime; _builder_version= »4.19.2&Prime; _module_preset= »default » global_colors_info= »{} »][/et_pb_image][et_pb_image src= »https://jeannin-menuiserie-doubs.fr/wp-content/uploads/2022/12/renovation-23.png » title_text= »renovation-23&Prime; _builder_version= »4.16&Prime; positioning= »absolute » position_origin_a= »bottom_left » vertical_offset= »0px » horizontal_offset= »-30px » z_index= »0&Prime; width= »100% » global_colors_info= »{} »][/et_pb_image][/et_pb_column][/et_pb_row][/et_pb_section][et_pb_section fb_built= »1&Prime; admin_label= »Services » _builder_version= »4.19.2&Prime; background_enable_color= »off » global_colors_info= »{} »][et_pb_row use_custom_gutter= »on » gutter_width= »2&Prime; _builder_version= »4.19.2&Prime; global_colors_info= »{} »][et_pb_column type= »4_4&Prime; _builder_version= »4.16&Prime; custom_padding= »30px|30px|30px|30px|true|true » custom_padding_tablet= »20px|20px|20px|20px|true|true » custom_padding_phone= » » custom_padding_last_edited= »on|desktop » border_width_all= »1px » border_color_all= »rgba(0,0,0,0.12) » global_colors_info= »{} »][et_pb_blurb title= »Charpente » image= »https://jeannin-menuiserie-doubs.fr/wp-content/uploads/2022/12/renovation-icon-3.png » icon_alignment= »left » content_max_width= »100% » _builder_version= »4.19.2&Prime; header_font= »Kanit|600||||||| » header_font_size= »20px » header_line_height= »1.3em » body_line_height= »1.8em » background_enable_image= »off » background_size= »initial » background_position= »top_left » custom_padding= »10px|10px||10px|false|true » animation= »off » header_font_size_tablet= »18px » header_font_size_phone= »16px » header_font_size_last_edited= »on|phone » locked= »off » global_colors_info= »{} »][/et_pb_blurb][et_pb_text ul_position= »inside » _builder_version= »4.19.2&Prime; text_font= »|700||||||| » ul_line_height= »2em » global_colors_info= »{} »]</p>
<ul>
<li>Fabrication charpente bois standard</li>
<li>Fabrication charpente bois sur mesure</li>
<li>Pose de charpente bois neuve</li>
<li>Rénovation charpente bois</li>
<li>Restauration de charpente bois</li>
</ul>
<p>[/et_pb_text][et_pb_text _builder_version= »4.19.2&Prime; _module_preset= »default » global_colors_info= »{} »]</p>
<p><em>Pour les particuliers, professionnels et pour le secteur agricole.</em></p>
<p>[/et_pb_text][/et_pb_column][/et_pb_row][/et_pb_section]</p>

<p>CHARPENTELa SAS JEANNIN Patrice propose des services de qualité dans la fabrication et la pose de menuiserie en bois, menuiserie PVC, menuiserie Alu, d&rsquo;escaliers sur mesure et de charpentes traditionnelles bois.Pour tous vos travaux de couverture tuiles, couverture ardoises et de zinguerie (faîtage, en construction ou en rénovation), nous sommes à votre disposition. Fabrication charpente [&hellip;]</p>
