{"id":15,"date":"2022-12-12T07:32:42","date_gmt":"2022-12-12T07:32:42","guid":{"rendered":"https:\/\/jeannin-menuiserie-doubs.fr\/?page_id=15"},"modified":"2026-01-31T16:05:03","modified_gmt":"2026-01-31T16:05:03","slug":"presentation","status":"publish","type":"page","link":"https:\/\/jeannin-menuiserie-doubs.fr\/?page_id=15","title":{"rendered":"Pr\u00e9sentation"},"content":{"rendered":"<p>[et_pb_section fb_built=\u00a0\u00bb1&Prime; custom_padding_last_edited=\u00a0\u00bbon|phone\u00a0\u00bb admin_label=\u00a0\u00bbHeader\u00a0\u00bb _builder_version=\u00a0\u00bb4.19.2&Prime; use_background_color_gradient=\u00a0\u00bbon\u00a0\u00bb background_color_gradient_stops=\u00a0\u00bbrgba(0,0,0,0.5) 0%|rgba(0,0,0,0.5) 100%\u00a0\u00bb background_color_gradient_overlays_image=\u00a0\u00bbon\u00a0\u00bb background_color_gradient_start=\u00a0\u00bbrgba(0,0,0,0.5)\u00a0\u00bb background_color_gradient_end=\u00a0\u00bbrgba(0,0,0,0.5)\u00a0\u00bb background_image=\u00a0\u00bbhttps:\/\/jeannin-menuiserie-doubs.fr\/wp-content\/uploads\/2022\/12\/renovation-21.jpg\u00a0\u00bb background_position=\u00a0\u00bbbottom_center\u00a0\u00bb custom_padding=\u00a0\u00bb||220px||false|false\u00a0\u00bb custom_padding_tablet=\u00a0\u00bb||220px||false|false\u00a0\u00bb custom_padding_phone=\u00a0\u00bb||200px||false|false\u00a0\u00bb global_colors_info=\u00a0\u00bb{}\u00a0\u00bb][et_pb_row _builder_version=\u00a0\u00bb4.16&Prime; global_colors_info=\u00a0\u00bb{}\u00a0\u00bb][et_pb_column type=\u00a0\u00bb4_4&Prime; _builder_version=\u00a0\u00bb4.16&Prime; global_colors_info=\u00a0\u00bb{}\u00a0\u00bb][et_pb_text _builder_version=\u00a0\u00bb4.19.2&Prime; header_font=\u00a0\u00bbKanit|500|||||||\u00a0\u00bb header_font_size=\u00a0\u00bb4vw\u00a0\u00bb header_line_height=\u00a0\u00bb1.1em\u00a0\u00bb text_orientation=\u00a0\u00bbcenter\u00a0\u00bb background_layout=\u00a0\u00bbdark\u00a0\u00bb max_width=\u00a0\u00bb795px\u00a0\u00bb module_alignment=\u00a0\u00bbcenter\u00a0\u00bb header_font_size_tablet=\u00a0\u00bb42px\u00a0\u00bb header_font_size_phone=\u00a0\u00bb36px\u00a0\u00bb header_font_size_last_edited=\u00a0\u00bbon|desktop\u00a0\u00bb global_colors_info=\u00a0\u00bb{}\u00a0\u00bb]<\/p>\n<h1>PR\u00c9SENTATION<\/h1>\n<p>[\/et_pb_text][\/et_pb_column][\/et_pb_row][\/et_pb_section][et_pb_section fb_built=\u00a0\u00bb1&Prime; admin_label=\u00a0\u00bbAbout\u00a0\u00bb _builder_version=\u00a0\u00bb4.16&Prime; custom_padding=\u00a0\u00bb||||false|false\u00a0\u00bb global_colors_info=\u00a0\u00bb{}\u00a0\u00bb][et_pb_row custom_padding_last_edited=\u00a0\u00bbon|phone\u00a0\u00bb _builder_version=\u00a0\u00bb4.19.2&Prime; background_color=\u00a0\u00bb#D2A87D\u00a0\u00bb max_width=\u00a0\u00bb860px\u00a0\u00bb custom_margin=\u00a0\u00bb-220px||||false|false\u00a0\u00bb custom_padding=\u00a0\u00bb40px|40px|40px|40px|true|true\u00a0\u00bb custom_padding_tablet=\u00a0\u00bb30px|30px|30px|30px|true|true\u00a0\u00bb custom_padding_phone=\u00a0\u00bb20px|20px|20px|20px|true|true\u00a0\u00bb global_colors_info=\u00a0\u00bb{}\u00a0\u00bb][et_pb_column type=\u00a0\u00bb4_4&Prime; _builder_version=\u00a0\u00bb4.16&Prime; global_colors_info=\u00a0\u00bb{}\u00a0\u00bb][et_pb_text _builder_version=\u00a0\u00bb4.19.2&Prime; text_line_height=\u00a0\u00bb1.8em\u00a0\u00bb header_2_text_color=\u00a0\u00bb#000000&Prime; header_2_font_size=\u00a0\u00bb48px\u00a0\u00bb header_2_line_height=\u00a0\u00bb1.1em\u00a0\u00bb text_font_size_last_edited=\u00a0\u00bboff|tablet\u00a0\u00bb header_2_font_size_tablet=\u00a0\u00bb32px\u00a0\u00bb header_2_font_size_phone=\u00a0\u00bb22px\u00a0\u00bb header_2_font_size_last_edited=\u00a0\u00bbon|phone\u00a0\u00bb global_colors_info=\u00a0\u00bb{}\u00a0\u00bb]<\/p>\n<p><span style=\"color: #ffffff;\">La soci\u00e9t\u00e9 Jeannin, situ\u00e9e \u00e0 <strong>Sombacour dans le Haut Doubs<\/strong>, d\u00e9partement du Doubs, intervient sur les secteurs : Pontarlier, Morteau, M\u00e9tabief, les Hopitaux Neufs, Valdahon, Mouthe, Frasne, Levier, Amancey, Ornans, Besan\u00e7on pour <strong>la fabrication et la pose de tous vos projets de menuiserie bois, menuiserie PVC, menuiserie Alu, couverture et charpente bois.<\/strong><\/span><\/p>\n<p><span style=\"color: #ffffff;\">La soci\u00e9t\u00e9 propose des services de qualit\u00e9 dans la fabrication et la pose de menuiserie en bois, menuiserie PVC, menuiserie Alu, d&rsquo;escaliers sur mesure et de charpentes traditionnelles bois.<\/span><\/p>\n<p><span style=\"color: #ffffff;\">Pour tous vos travaux de couverture tuiles, couverture ardoises et de zinguerie (fa\u00eetage, en construction ou en r\u00e9novation), nous sommes \u00e0 votre disposition.<\/span><o:p><\/o:p><\/p>\n<p><span style=\"color: #ffffff;\">Nous concevons, am\u00e9nageons et posons vos salles de bains.<\/span><o:p><\/o:p><\/p>\n<p><span style=\"color: #ffffff;\">L&rsquo;entreprise familiale a \u00e9t\u00e9 <strong>fond\u00e9e en 1969<\/strong> par <strong>Mr Jeannin Fernand<\/strong> puis reprise par son fils <strong>Mr Jeannin Patrice<\/strong> en <strong>2006<\/strong>.<\/span><o:p><\/o:p><\/p>\n<p><span style=\"color: #ffffff;\">Nous fabriquons et installons au service <strong>des particuliers comme des professionnels<\/strong>.<\/span><o:p><\/o:p><\/p>\n<p><span style=\"color: #ffffff;\">Nous travaillons \u00e9galement en partenariat avec des fournisseurs de menuiserie<strong> bois, aluminium et PVC<\/strong>.<\/span><\/p>\n<p>[\/et_pb_text][\/et_pb_column][\/et_pb_row][\/et_pb_section]<\/p>\n","protected":false},"excerpt":{"rendered":"<p>PR\u00c9SENTATIONLa soci\u00e9t\u00e9 Jeannin, situ\u00e9e \u00e0 Sombacour dans le Haut Doubs, d\u00e9partement du Doubs, intervient sur les secteurs : Pontarlier, Morteau, M\u00e9tabief, les Hopitaux Neufs, Valdahon, Mouthe, Frasne, Levier, Amancey, Ornans, Besan\u00e7on pour la fabrication et la pose de tous vos projets de menuiserie bois, menuiserie PVC, menuiserie Alu, couverture et charpente bois. La soci\u00e9t\u00e9 propose [&hellip;]<\/p>\n","protected":false},"author":1,"featured_media":0,"parent":0,"menu_order":0,"comment_status":"closed","ping_status":"open","template":"","meta":{"_et_pb_use_builder":"on","_et_pb_old_content":"","_et_gb_content_width":"","footnotes":""},"class_list":["post-15","page","type-page","status-publish","hentry"],"_links":{"self":[{"href":"https:\/\/jeannin-menuiserie-doubs.fr\/index.php?rest_route=\/wp\/v2\/pages\/15","targetHints":{"allow":["GET"]}}],"collection":[{"href":"https:\/\/jeannin-menuiserie-doubs.fr\/index.php?rest_route=\/wp\/v2\/pages"}],"about":[{"href":"https:\/\/jeannin-menuiserie-doubs.fr\/index.php?rest_route=\/wp\/v2\/types\/page"}],"author":[{"embeddable":true,"href":"https:\/\/jeannin-menuiserie-doubs.fr\/index.php?rest_route=\/wp\/v2\/users\/1"}],"replies":[{"embeddable":true,"href":"https:\/\/jeannin-menuiserie-doubs.fr\/index.php?rest_route=%2Fwp%2Fv2%2Fcomments&post=15"}],"version-history":[{"count":6,"href":"https:\/\/jeannin-menuiserie-doubs.fr\/index.php?rest_route=\/wp\/v2\/pages\/15\/revisions"}],"predecessor-version":[{"id":36247,"href":"https:\/\/jeannin-menuiserie-doubs.fr\/index.php?rest_route=\/wp\/v2\/pages\/15\/revisions\/36247"}],"wp:attachment":[{"href":"https:\/\/jeannin-menuiserie-doubs.fr\/index.php?rest_route=%2Fwp%2Fv2%2Fmedia&parent=15"}],"curies":[{"name":"wp","href":"https:\/\/api.w.org\/{rel}","templated":true}]}}

Présentation

<p>[et_pb_section fb_built= »1&Prime; custom_padding_last_edited= »on|phone » admin_label= »Header » _builder_version= »4.19.2&Prime; use_background_color_gradient= »on » background_color_gradient_stops= »rgba(0,0,0,0.5) 0%|rgba(0,0,0,0.5) 100% » background_color_gradient_overlays_image= »on » background_color_gradient_start= »rgba(0,0,0,0.5) » background_color_gradient_end= »rgba(0,0,0,0.5) » background_image= »https://jeannin-menuiserie-doubs.fr/wp-content/uploads/2022/12/renovation-21.jpg » background_position= »bottom_center » custom_padding= »||220px||false|false » custom_padding_tablet= »||220px||false|false » custom_padding_phone= »||200px||false|false » global_colors_info= »{} »][et_pb_row _builder_version= »4.16&Prime; global_colors_info= »{} »][et_pb_column type= »4_4&Prime; _builder_version= »4.16&Prime; global_colors_info= »{} »][et_pb_text _builder_version= »4.19.2&Prime; header_font= »Kanit|500||||||| » header_font_size= »4vw » header_line_height= »1.1em » text_orientation= »center » background_layout= »dark » max_width= »795px » module_alignment= »center » header_font_size_tablet= »42px » header_font_size_phone= »36px » header_font_size_last_edited= »on|desktop » global_colors_info= »{} »]</p>
<h1>PRÉSENTATION</h1>
<p>[/et_pb_text][/et_pb_column][/et_pb_row][/et_pb_section][et_pb_section fb_built= »1&Prime; admin_label= »About » _builder_version= »4.16&Prime; custom_padding= »||||false|false » global_colors_info= »{} »][et_pb_row custom_padding_last_edited= »on|phone » _builder_version= »4.19.2&Prime; background_color= »#D2A87D » max_width= »860px » custom_margin= »-220px||||false|false » custom_padding= »40px|40px|40px|40px|true|true » custom_padding_tablet= »30px|30px|30px|30px|true|true » custom_padding_phone= »20px|20px|20px|20px|true|true » global_colors_info= »{} »][et_pb_column type= »4_4&Prime; _builder_version= »4.16&Prime; global_colors_info= »{} »][et_pb_text _builder_version= »4.19.2&Prime; text_line_height= »1.8em » header_2_text_color= »#000000&Prime; header_2_font_size= »48px » header_2_line_height= »1.1em » text_font_size_last_edited= »off|tablet » header_2_font_size_tablet= »32px » header_2_font_size_phone= »22px » header_2_font_size_last_edited= »on|phone » global_colors_info= »{} »]</p>
<p><span style="color: #ffffff;">La société Jeannin, située à <strong>Sombacour dans le Haut Doubs</strong>, département du Doubs, intervient sur les secteurs : Pontarlier, Morteau, Métabief, les Hopitaux Neufs, Valdahon, Mouthe, Frasne, Levier, Amancey, Ornans, Besançon pour <strong>la fabrication et la pose de tous vos projets de menuiserie bois, menuiserie PVC, menuiserie Alu, couverture et charpente bois.</strong></span></p>
<p><span style="color: #ffffff;">La société propose des services de qualité dans la fabrication et la pose de menuiserie en bois, menuiserie PVC, menuiserie Alu, d&rsquo;escaliers sur mesure et de charpentes traditionnelles bois.</span></p>
<p><span style="color: #ffffff;">Pour tous vos travaux de couverture tuiles, couverture ardoises et de zinguerie (faîtage, en construction ou en rénovation), nous sommes à votre disposition.</span><o:p></o:p></p>
<p><span style="color: #ffffff;">Nous concevons, aménageons et posons vos salles de bains.</span><o:p></o:p></p>
<p><span style="color: #ffffff;">L&rsquo;entreprise familiale a été <strong>fondée en 1969</strong> par <strong>Mr Jeannin Fernand</strong> puis reprise par son fils <strong>Mr Jeannin Patrice</strong> en <strong>2006</strong>.</span><o:p></o:p></p>
<p><span style="color: #ffffff;">Nous fabriquons et installons au service <strong>des particuliers comme des professionnels</strong>.</span><o:p></o:p></p>
<p><span style="color: #ffffff;">Nous travaillons également en partenariat avec des fournisseurs de menuiserie<strong> bois, aluminium et PVC</strong>.</span></p>
<p>[/et_pb_text][/et_pb_column][/et_pb_row][/et_pb_section]</p>

<p>PRÉSENTATIONLa société Jeannin, située à Sombacour dans le Haut Doubs, département du Doubs, intervient sur les secteurs : Pontarlier, Morteau, Métabief, les Hopitaux Neufs, Valdahon, Mouthe, Frasne, Levier, Amancey, Ornans, Besançon pour la fabrication et la pose de tous vos projets de menuiserie bois, menuiserie PVC, menuiserie Alu, couverture et charpente bois. La société propose [&hellip;]</p>
